. What are the prime factors of o?
7, 13
Suppose 3*t + 28665 = -25*u + 27*u, 0 = -4*u + 3*t + 57333. What are the prime factors of u?
2, 3, 2389
Let c(r) be the first derivative of r**4/2 + r**3/3 - 11*r**2/2 + 9*r + 89. List the prime factors of c(6).
3, 137
Suppose c = -5*c, 5*s = -4*c + 12865. What are the prime factors of s?
31, 83
Let t(m) = -m**3 - 4*m**2 + 5*m + 6. Let p be t(-5). List the prime factors of 348 + -5 + p + -5.
2, 43
Suppose 243*y = 208*y + 101150. List the prime factors of y.
2, 5, 17
Let p(u) = 2600*u - 3089. List the prime factors of p(16).
3, 11, 389
Let u(m) = 4930*m**2 + 43*m + 45. List the prime factors of u(-1).
2, 3, 137
Suppose -7*m - 4409370 = -77*m - 35*m. What are the prime factors of m?
2, 3, 2333
Let n be (5 - (10 - 4)) + 260. Let s = -255 + n. What are the prime factors of s?
2
Let x be 0/1 - (0 - 10). Let y be (-2)/x - -2*3/30. Suppose s + 0*s - 71 = y. List the prime factors of s.
71
Suppose 344*t = 289*t + 4511650. List the prime factors of t.
2, 5, 13, 631
Suppose p - 131 = 4*y + 195, -5*p - 5*y = -1755. Suppose -338*i - 11288 = -p*i. What are the prime factors of i?
17, 83
Suppose -4*j + 2758 + 24278 = 0. List the prime factors of j.
3, 751
Suppose 388*o - 142*o = -106*o + 11250272. What are the prime factors of o?
31, 1031
Let r = 903 - 516. Suppose 29*b = 28*b + r. Suppose -b = 5*u - 3*k - 1323, -5*u = -4*k - 938. List the prime factors of u.
2, 3, 31
Let z = 15331 - -45584. List the prime factors of z.
3, 5, 31, 131
Suppose -5294*u + 4609876 = -5212*u. List the prime factors of u.
2, 28109
What are the prime factors of 4224*(-5 - (-35)/3)?
2, 5, 11
Suppose 0 = 24*r - 18*r + 1368. What are the prime factors of 19/r - 11533/(-12)?
31
Suppose 34837 + 10145 = 49*x. Suppose -17*c + 21*c + 2699 = 3*j, -5*c = -j + x. List the prime factors of j.
19, 47
Suppose -4*f + 23 = -9. Let b be 50/8 + (-2)/f. What are the prime factors of (b + -2)/4 - -71?
2, 3
What are the prime factors of (-37 - -45) + (0 - -7403)?
7411
Let h = 13848 - 6477. List the prime factors of h.
3, 7, 13
Suppose -77 + 325 = 4*u. Let o = u + -21. List the prime factors of o + (-6 - -4) + 6.
3, 5
Suppose 2*d + 15702 = 3*w, 16152 + 4807 = 4*w + 5*d. List the prime factors of w.
2, 7, 11, 17
Let f(p) = 60*p - 1724. List the prime factors of f(29).
2
Suppose -3*b = m - 5920 - 2955, 4*m - 14787 = -5*b. List the prime factors of b.
11, 269
List the prime factors of (-36)/(-288) - 1572/(-32)*103.
2, 5, 11, 23
Let f = -60 - -37. Let p = -22 - f. What are the prime factors of -13 - -16 - (-124)/p?
127
What are the prime factors of 65857 - 88/(-55)*5?
3, 5, 4391
Suppose -5*l - 150 = -5*r, -35 = -r - 4*l - 15. Let k be 4 + 0 - 48*(3 + -4). Suppose -4*s + k = -r. List the prime factors of s.
2, 5
Let o = 5356 - -7343. What are the prime factors of o?
3, 17, 83
Suppose 5*p = 4*h - 95, 38 = 5*p - 7*p - 5*h. Let u = p + 31. Suppose u*v = 10*v + 96. List the prime factors of v.
2, 3
List the prime factors of (-786518)/(-53) + (-244)/(-6466).
2, 5, 7, 53
Let i(l) = 3*l**2 + 15*l + 2. Let o(h) = -2*h - 22. Let p = 21 + -28. Let a be o(p). What are the prime factors of i(a)?
2, 37
Suppose -k + 1 = -3. Suppose k*a = -a + 455. Suppose 324 = 4*f + 4*q, -f + 3*q = 2*q - a. List the prime factors of f.
2, 43
Let j be 18/12 - 3/(-6). Suppose 0 = -j*w - w - 873. Let l = -164 - w. What are the prime factors of l?
127
Let c = 291 + -200. Suppose -c = j - 403. List the prime factors of j.
2, 3, 13
Suppose -32 = 3*s - 5*g - 29, 0 = -2*s + 5*g - 7. Suppose 0 = -n - s*v - v + 66, 2*n + 2*v = 172. What are the prime factors of n?
7, 13
Let s(h) = -h**3 - 11*h**2 - 13*h + 7. Let z be s(-10). Let c = 37 - z. Suppose -4*d = -5*x - 399, -5*d + 3*x + 489 = -c*d. What are the prime factors of d?
2, 3
Let v = -325 + 470. List the prime factors of 4872/v*(14/3 - -2).
2, 7
Let o = -4155 + 10483. List the prime factors of o.
2, 7, 113
Let a(s) be the first derivative of -s**5/20 + 5*s**4/6 - 3*s**3/2 - s**2 - 8*s - 14. Let k(t) be the first derivative of a(t). List the prime factors of k(5).
2, 3, 13
Let i(c) = 4*c - 72. Let n be i(19). Suppose -n*a - 20 = 0, 3400 - 920 = 5*s - 2*a. What are the prime factors of s?
2, 13, 19
Let v = 34 - 41. Let l be 2/2*v/(-2)*-2. What are the prime factors of 1 + l*(-1 + -13)?
3, 11
Let h = 5948 + -33. What are the prime factors of h?
5, 7, 13
Let p be 561558/14 - (-3)/((-105)/10). Suppose -48578 - p = -51*s. List the prime factors of s.
37, 47
Suppose 44*h = 166254 + 27786. List the prime factors of h.
2, 3, 5, 7
List the prime factors of -98*(-9068)/64 + (-13 - 1111/(-88)).
5, 2777
Let m = -612 - -251. Let l = 563 + m. Let u = 304 - l. What are the prime factors of u?
2, 3, 17
Let x(b) = -b**3 + 9*b**2 + 18*b + 34. Suppose 3*j + 2*k = 24, 20*k + 55 = 4*j + 15*k. What are the prime factors of x(j)?
2, 3, 19
Suppose 0 = f - 3*t - 19, -2*t - 126 = -3*f - f. Let z = 27 + f. List the prime factors of z.
61
Suppose 0 = -108*m - 51*m + 853269 + 1355718. List the prime factors of m.
3, 11, 421
Suppose 0 = -9*j + 13 + 5. Suppose 4*s + 3*a + 6 = 0, 5*s + 2*a + 7 = -j*a. What are the prime factors of ((-49)/21)/((2/s)/2)?
7
Let q(t) = 3*t + 39. Let j be q(3). Suppose -2*r - 8 + j = 0. What are the prime factors of r?
2, 5
Suppose -2*a + 192 + 268 = 0. Let f = -77 + a. What are the prime factors of f?
3, 17
Let r = 43848 + -24648. List the prime factors of r.
2, 3, 5
Let o = 54592 - 34262. What are the prime factors of o?
2, 5, 19, 107
Let v(m) = 651*m - 5952. List the prime factors of v(141).
3, 13, 31, 71
Let f be (0 - (-1 + -14)) + 3. Suppose 91 = 19*o - f*o. Suppose -3*v + o = -293. List the prime factors of v.
2
What are the prime factors of (-4)/(-36)*9 + 2962?
2963
Let t = 3 - 3. Suppose -4*g + 10 - 2 = t. Suppose -g*v - 91 = -5*n + 124, 3*n = 2*v + 125. What are the prime factors of n?
3, 5
Suppose 0 = i - 3*i - 2. Let l(b) = 2*b + 1 - 400*b**2 + 199*b**2 + 203*b**2 - 79*b**3. What are the prime factors of l(i)?
2, 5
Let m(u) = -u**3 + 2*u**2 - u. Let f(w) = -117*w**3 - 11*w**2 + 2*w + 3. Let j(q) = -f(q) - 5*m(q). What are the prime factors of j(1)?
3, 41
Let w(v) = -3*v**2 - 5*v + 2. Let q be w(-4). Let m(y) = 2*y**3 - 42*y**2 - 38*y - 103. Let t be m(22). Let s = q + t. What are the prime factors of s?
3
Let w be 2628/24 - ((-5)/2 + 3). Suppose 113*r = w*r + 4800. What are the prime factors of r?
2, 3, 5
Let o be (-4062 + 6)/(-4) - (-10)/(-2). Let k = -97 + o. What are the prime factors of k?
2, 3, 19
Suppose 2*q = 6*h + 19186, -7991 = -q - h + 1610. What are the prime factors of q?
29, 331
Let g = 600 - 598. Suppose -2*n = 5*k - 2196 - 21, 5*n + g*k - 5553 = 0. List the prime factors of n.
11, 101
Suppose -5*l + 35 = 0, 5*r - 11983 = -6*l + 7*l. What are the prime factors of r?
2, 11, 109
Let a(c) = -132*c**3 + 14*c**2 - 12*c - 79. List the prime factors of a(-5).
16831
Let l(i) = 12*i - 105. Let k(s) = -s**2 - 26*s + 31. Let a be k(-26). What are the prime factors of l(a)?
3, 89
Let c be 5/55 - 110411/(-77). Suppose o = 4*m - 2069 + 174, 5*o = 3*m - c. List the prime factors of m.
11, 43
Let y(g) = -g**3 + 3*g**2 + 4*g + 3. Let q be y(4). Let v(m) = m**3 - 4*m**2 - 5*m + 6. Let n be v(q). What are the prime factors of (148/(-12) - -3)*n/4?
2, 3, 7
Let y(x) = -232*x - 2108. What are the prime factors of y(-47)?
2, 3, 733
Let q(v) = -6*v + 10. Let p be q(-3). Suppose 22*z - p*z + 7740 = 0. What are the prime factors of z?
2, 3, 5, 43
Suppose -181943 - 86447 = -16*i - 40998. List the prime factors of i.
2, 11, 17, 19
Suppose -10*i + 11*i + 42 = 0. Suppose j + 970 = -4*j. Let o = i - j. List the prime factors of o.
2, 19
Suppose 56*w - 51*w = -125. List the prime factors of 125/w + 1*4 - -519.
2, 7, 37
Let w = 16443 - 5990. List the prime factors of w.
10453
Suppose 119*b - 31605 = 115*b - h, -b + 7895 = -h. What are the prime factors of b?
2, 5, 79
Let z(j) = 35*j**2 - 18*j - 110. Let f be (-8 + (-78)/(-12))/((-3)/(-10)). What are the prime factors of z(f)?
3, 5, 19
Let k(b) = 7017*b**3 + 3*b**2 + 6*b - 9. List the prime factors of k(1).
3, 2339
List the prime factors of (16578/189)/((-4)/(-84)).
2, 3, 307
Let v(u) = -734*u + 3893. What are the prime factors of v(5)?
223
Let t(l) = 11*l - 4*l + 2*l + 23*l + 66. List the prime factors of t(11)